 77 = 9*v + 2*v. What is the tens digit of s(v)?
4
Let o(i) = -13*i - 27. Let p(m) = 6*m + 13. Let r(s) = -3*o(s) - 7*p(s). What is the tens digit of r(-8)?
1
Let f(q) = q**3 + 7*q**2 - 2. Let r be f(-5). Suppose r + 48 = -2*t. Let z = t + 91. What is the tens digit of z?
4
Let f(a) = -20 - 81*a + 22 - 13*a. Let o be f(-2). Suppose -4*p + o = 3*w + 2*w, -5*w = 3*p - 190. What is the units digit of w?
8
Let x(d) be the first derivative of -d**4/4 - 7*d**3/3 + 7*d**2/2 - 5. What is the units digit of x(-8)?
8
Suppose 1482 = 14*i + 12*i. What is the tens digit of i?
5
Let x(p) = -291*p**3 - p + 1. Let g be x(1). Let n be g/15 + 3/(-5). Let z = n + 45. What is the tens digit of z?
2
Let d = -8 - -30. Suppose -3*x + 69 = 5*r - 100, -4*r - 3*x = -137. Let q = r - d. What is the tens digit of q?
1
Suppose -2*o + 2*v + 79 = -177, -o = 2*v - 116. Suppose -6*b + o = 16. What is the units digit of b?
8
Suppose -4148 - 6303 = -7*t. What is the tens digit of t?
9
Suppose -8 = -l + 2*h, 5*l - 2*h = -5*h + 1. What is the tens digit of (-1410)/(-24) - l/(-8)?
5
Let d be (4/((-48)/(-9)))/((-1)/8). Let u(w) = -w**3 - w**2 + 3*w - 3. What is the hundreds digit of u(d)?
1
Let h be (-3)/(18/4)*-3. Suppose y + 2 = 0, -2*a - h*y = -y - 122. What is the units digit of a?
2
Let m = 3 - -2. Suppose -70 = -m*v + 155. What is the units digit of (1 + -6)*(-9)/v?
1
What is the tens digit of (-5686)/(-10) - 10/175*-7?
6
Let x(m) = 6*m**2 + 9*m + 31. Let a be x(-6). Let u = a + -62. What is the tens digit of u?
3
What is the units digit of ((-243)/(-30))/(12/120)?
1
Let o = 11 - 11. Suppose 0 = 2*t - 4*m, -3*t - 9 + o = -3*m. Let b(r) = 2*r**2 + 2*r. What is the units digit of b(t)?
0
Let j(l) = -36*l + 7 + 3 - 1. What is the tens digit of j(-3)?
1
Suppose -93 = -5*o - 23. Suppose o*a = -191 + 625. What is the tens digit of a?
3
Suppose -45 = -5*u + 20. Suppose 0 = 3*r - 2*q + 33, -5*r + q - 3*q - 39 = 0. Let p = u + r. What is the units digit of p?
4
Let k(m) = m**2 + m + 7. Let d(s) = 2*s - 27. Let j be d(18). What is the tens digit of k(j)?
9
Let x(r) be the first derivative of r**6/180 + r**5/30 - 5*r**4/12 - 8*r**3/3 + 8. Let i(m) be the third derivative of x(m). What is the tens digit of i(-5)?
2
Suppose 4*i - 4 + 1 = -3*y, 0 = y + 4*i + 7. Suppose 5*v + 1035 = -y*c, 5*c - 5*v = 381 - 1376. Let g = -135 - c. What is the units digit of g?
8
Suppose 4*f - 8650 = -4*h + 7*f, 5*h - 10803 = -f. What is the thousands digit of h?
2
Let l = 4 - -1. Suppose -l*s + 632 - 9 = f, 4*s - 5*f = 510. What is the units digit of s?
5
Let h be (-12)/15*(1 + 4). Let q be 34/h + 33/22. Let v = q + 11. What is the units digit of v?
4
Suppose f + 3*f - 24 = 0. Suppose 4*p + 4 = 4*t - 12, 3*t = -3*p + f. What is the units digit of t*5 - (-6)/6?
6
Let a(m) = m**3 + 8*m + 164. Let z be a(0). Let k(c) = -c**2 + 4*c - 2. Let g be k(4). What is the tens digit of 10/g*z/(-20)?
4
Let y(v) = -185*v + 311. What is the hundreds digit of y(-9)?
9
Let a(y) = 2*y**2 - 3*y + 3. Let z be a(3). Let o = z + -13. What is the units digit of ((-2)/(-6))/(o/(-147))?
9
Suppose -2*k + 0*k + 48 = 0. Suppose a - 6*a = 0. Suppose -2*q = -q - 2*o - k, 3*o - 3 = a. What is the tens digit of q?
2
Suppose -4 = -3*s + 2*o, 1 = s + 2*o - 11. Suppose i + 4*i = -5, -3*z = 2*i - 13. Suppose s*m = -3*r + 24, 2*m - 3*r + z - 17 = 0. What is the units digit of m?
6
Let d(y) = 3*y**3 + y - 1. Let n be d(1). Let x be (-804)/(-67)*(-62)/(-8). Suppose m + 2 = 4*o + 16, -x = -n*m - 5*o. What is the tens digit of m?
2
Suppose -2*g + 5*j = -3*g - 10, g = 5*j + 10. Let x be (g + -1)*0/(-9). Suppose x = -d - 5*c + 40, 3*d + 4*c = 6*d - 25. What is the units digit of d?
5
Let o(l) be the second derivative of l**5/20 - 5*l**4/6 + 5*l**3/3 - 3*l**2 - 4*l. Let s be o(9). What is the tens digit of -4*s/(-24)*28?
1
Let v = 49 + -134. Let g = v + 92. What is the units digit of g?
7
Suppose -3*j - 19 - 14 = 0. Let n = -6 - j. Suppose -3*f = -n*f + 12. What is the units digit of f?
6
Let k(g) = 2*g**2 - 1. Let i be k(2). Let y(v) = v - 1. Let n(b) = -12*b + 7. Let p(j) = -n(j) - 6*y(j). What is the tens digit of p(i)?
4
Let m(f) = -f**3 - 91*f - 17. What is the hundreds digit of m(-9)?
5
Let l = 2205 - 1546. What is the tens digit of l?
5
Let c be ((-3)/6 + 1)*4. Suppose -c*k + 50 = 3*k. Suppose 36 = k*u - 6*u. What is the units digit of u?
9
Let i(z) = -z**2 + 10*z - 4. Let j be i(9). Suppose 4*x + j - 1 = -4*d, -4*d - 20 = 0. What is the units digit of x?
4
Suppose 0 = 18*x - 11565 - 7119. What is the hundreds digit of x?
0
Let c(h) = -14*h**2 + 51 + 49 + 3*h**3 - 102 + 18*h - 2*h**3. What is the tens digit of c(14)?
5
Let u be 1/(-7) + (-13)/(637/(-154)). Suppose 4*i + 0*i - 302 = -u*a, 3*a - 310 = -2*i. What is the units digit of a?
6
Suppose 0*c - 5*c - 11 = v, 0 = -5*v - 4*c + 8. Suppose v*i = -i + 355. What is the tens digit of i?
7
Let r be (8/5)/(16/40). Suppose 4*z - 25 = 3*c + 3, r*z - c = 28. Let i(s) = 2*s + 8. What is the tens digit of i(z)?
2
Let p(j) = 2*j**2 - 15*j + 7. Let y be p(12). Suppose 8*f - y = 365. What is the units digit of f?
0
Let a(b) = -3*b**2 - 4*b + 4. Let g be a(-8). Let n = -92 - g. What is the units digit of n?
4
Let v(t) = -t**2 - 10*t + 4. Let y be v(-10). Let i(a) = 4*a**2 + 0*a**2 + 0*a**3 + 1 - a**3. What is the units digit of i(y)?
1
Let u = -2794 + 4195. What is the thousands digit of u?
1
Let n(g) = 86*g. Let i be n(3). Suppose -11 - i = -q. What is the units digit of q?
9
Let d be (-2)/(3 + 9/((-14607)/4872)). Suppose -b - d = -h - 4*h, -2*h + 2*b + 436 = 0. What is the tens digit of h?
1
Let b(i) = -i**3 - 11*i**2 - 12*i + 22. Let u be b(-11). Suppose u + 70 = v - 2*n, -2*v - 5*n = -430. What is the hundreds digit of v?
2
Suppose 8*z - 4*z = 20. Suppose 0*x - 2*x = 5*r + 8, 4*x + 16 = -z*r. What is the tens digit of (-67)/x - (-3)/12?
1
Suppose -10 - 21 = q. Let u = q - -141. What is the units digit of u?
0
Let y(t) = t**3 + 4*t**2 - 7*t - 7. Let m be y(-5). Suppose 0 = m*q - 0*q + 93. What is the tens digit of (3 - q) + -2 + 2?
3
Suppose 48*y - 61*y = -8476. What is the units digit of y?
2
Suppose -4*j + 3682 = 1026. What is the units digit of j?
4
Suppose 3*j + 25 - 730 = 0. What is the tens digit of (j/(-30)*4)/(2/(-3))?
4
Suppose -j + 5*n + 48 = 0, -4*n = 5*j - 3*n - 136. Let h = 68 - j. What is the units digit of h?
0
Suppose 0 = 3*b + 2*b + 920. Let y = b - -278. What is the units digit of y?
4
Let m(x) = 0*x + 11*x - 9*x + x - 4*x - 8 + 2*x**2. Suppose 0 = -4*k, k = -3*n - 2*k + 15. What is the units digit of m(n)?
7
What is the tens digit of -2*68140/8*9/(-45)?
0
Let t = 8 - 4. Let n be 42/t - (-1)/2. Suppose 0 = -4*h + 3*h + n. What is the tens digit of h?
1
Let h(r) = 29*r + 24. What is the hundreds digit of h(24)?
7
Suppose -4*q + 35 = -2*q - j, 3*q - 5*j = 49. Let i = -2 + -1. Let n = q - i. What is the tens digit of n?
2
Let w(d) = -2*d**3 + 53*d**2 - 14*d - 35. What is the tens digit of w(25)?
9
What is the units digit of ((-2)/(-4))/((-37)/74)*-1269?
9
Let c be 10/25*40*4. Let w be ((-15)/(-4))/(8/c). What is the units digit of ((-16)/(-6))/(1/w)?
0
Let n = -1198 + 2746. What is the tens digit of n?
4
Suppose 0 = 7*h - 4699 - 1608. What is the units digit of h?
1
Suppose -2*t = 3*j - 269, 4*j + 3*t - 323 - 36 = 0. Let m = -22 + j. What is the units digit of m?
7
Let b(p) = -p - 11. Let l be b(-11). Let g be (0 + l + 1)*0. Suppose -4*t = 5*r - 143, -t - 4*t + r + 186 = g. What is the units digit of t?
7
Let s(k) = -k**3 - 10*k**2 + 12*k + 15. Let i be s(-11). Suppose -5*z + 3*b + 59 = 0, -1 - 33 = -2*z - i*b. Let h = -8 + z. What is the units digit of h?
5
Suppose -145*k = -159*k + 25466. What is the hundreds digit of k?
8
Let a(o) = -o**3 - 3*o**2 - 5*o + 5. Let g(h) = h - 4. Let v be g(-2). What is the tens digit of a(v)?
4
Suppose 2*p = 3*s + 449 - 2610, -3627 = -5*s - 3*p. What is the units digit of s?
3
What is the units digit of (169 + 3)*(1710/24)/15?
7
Let y be (-1)/((-3)/(-102)*-2). Suppose 7 = -2*p + y. Suppose p = n - 0*n. What is the units digit of n?
5
Suppose -2*y = -4*l - 6*y + 332, -l + 63 = -3*y. Suppose 3*h - 27 = -x + 12, 2*x + 3*h = l. What is the tens digit of x?
3
Let l = 697 + 421. What is the tens digit of l?
1
Let h(f) be the first derivative of -f**5/20 - 1